s divided by v?
8
Suppose 0 = 135*l - 136*l + 2*w + 80, 4*w + 230 = 3*l. What is the remainder when l is divided by 37?
33
Let a(t) = -6*t**3 - 5*t**2 - t - 3. Let o(f) = -7*f**3 - 5*f**2 - 2*f - 2. Let w(v) = 6*a(v) - 5*o(v). What is the remainder when 8 is divided by w(-6)?
0
Suppose 0*l - 12 = 2*l. Let k(m) = -m**3 - 5*m**2 - 11*m + 0*m + 5 + 7*m. What is the remainder when k(l) is divided by 17?
14
Let l be ((-6)/(-4))/((-6)/16). Let p = l - -17. What is the remainder when 64 is divided by p?
12
Suppose 0 = 8*c + 3*c + 539. Let h = 62 + c. Calculate the remainder when h is divided by 7.
6
Suppose 0 = -4*f + 525 - 69. Suppose -3*t = 0, -6*r + 3*r = -t - f. Calculate the remainder when r is divided by 21.
17
What is the remainder when 895 is divided by 20/(-6)*(-840)/50?
55
Let l(p) = 3*p + 18. Let t be l(8). Let u = 47 - t. What is the remainder when ((-2)/(-4))/((-2)/(-48)) is divided by u?
2
Let z be 188/(1 - 0) - (23 + -20). Suppose -5*h + p + 70 = -185, 3*p - z = -4*h. Calculate the remainder when 147 is divided by h.
47
Suppose -n + 54 = n. Let x = -1026 - -1040. Calculate the remainder when n is divided by x.
13
Suppose 0 = -13*h + 2826 + 1386. Calculate the remainder when h is divided by 65.
64
Let d(q) = -6*q + 51. Suppose -4*b + 225 = b. Suppose 2*h - 5*h = -b. Calculate the remainder when h is divided by d(7).
6
Calculate the remainder when 82 is divided by 16/(-6) + 440/12.
14
Let m(h) = -10*h + 23. Let g be m(-10). Let j = 150 - g. Suppose 5*a + 2*t - 494 - 28 = 0, -5*t + 404 = 4*a. Calculate the remainder when a is divided by j.
25
Let z = 154 - 133. Calculate the remainder when 39 is divided by z.
18
Suppose -8*x - 495 + 791 = 0. Calculate the remainder when 48 is divided by x.
11
Suppose 1217 + 193 = 47*m. What is the remainder when m is divided by 15?
0
Let q(l) = l**2 - 47*l + 351. Calculate the remainder when 75 is divided by q(39).
36
Suppose -4*c + 3*c = -4, -2*s + 30 = 3*c. Suppose 3*j - 6 - s = 0. Let o = 7 + 5. What is the remainder when o is divided by j?
2
Suppose 4*n - 2 = 5*v - 5, n = v. Let u = 69 - 58. Calculate the remainder when u is divided by n.
2
Let n = -462 + 682. What is the remainder when 29 is divided by (12/5)/(33/n)?
13
What is the remainder when 2584/30 - 2/(-135)*-9 is divided by 18?
14
Suppose 4*w - 164 = -4*j, -3*w + 77 = 2*j - 0*w. Suppose 2*v + j = 4*v. What is the remainder when v is divided by 9?
5
Let n(c) = c**3 + 2*c**2 + 6*c + 202. What is the remainder when n(0) is divided by 24?
10
Suppose -40 = 3*b + 5*v, 4*b - 8*b - 3*v = 68. Let m = b + 28. Let w = -12 + 43. What is the remainder when w is divided by m?
7
Let m(v) = -2*v**3 + v**2 + 7*v + 3. Let r(y) = 11*y**2 + 2*y - 6. Calculate the remainder when r(4) is divided by m(-3).
43
Let r(q) = 34*q**2 + 4*q - 4. Let h be r(2). Let m = -132 + h. What is the remainder when m is divided by 8?
0
Let r(a) = a**2 + 10*a + 7. Let t be r(-15). Let n = t - 45. What is the remainder when n is divided by 13?
11
Let y = 220 - 144. Suppose y = 4*x - 36. Let r = -18 + x. What is the remainder when 28 is divided by r?
8
Let w = -23 + 27. Let k be w*1/(-2) - -6. Let p(z) = -z**3 + 7*z**2 - 6*z + 1. Calculate the remainder when p(k) is divided by 13.
12
Suppose 2*l = 5*l - 1440. Suppose 4*h - 9*h + l = 0. Calculate the remainder when h is divided by 33.
30
Let x(v) = v**3 - 5*v**2 - 10*v + 26. What is the remainder when 9 is divided by x(6)?
1
Let l = 2 + -2. Suppose -5*b + 85 = -l*b. Calculate the remainder when 64 is divided by b.
13
Let t(p) = 18*p**2 - 6*p + 13. What is the remainder when t(5) is divided by 62?
61
Let f = 95 - 61. Suppose -27*v + f*v = 49. What is the remainder when 46 is divided by v?
4
Suppose 0 = -5*i - n + 122, 12 = 5*i - 5*n - 128. Calculate the remainder when 45 is divided by i.
20
Let r(u) = -u**3 - 9*u**2 + 2*u - 19. Let o be r(-10). What is the remainder when o*6/(-9)*6/(-2) is divided by 25?
22
Suppose -j + 8 = -2. Suppose -12*v + 1848 = j*v. Calculate the remainder when v is divided by 44.
40
Suppose -5*x + 35 = -2*r, -x + 2*r = -r - 7. Suppose 2*q - 96 = -2*q. Let h = q - x. Calculate the remainder when 33 is divided by h.
16
Suppose -32*s + 37*s = 325. Calculate the remainder when 123 is divided by s.
58
Suppose -2*u - 77 = -4*b + 335, 3*u + 6 = 0. Calculate the remainder when b is divided by 26.
24
Suppose 0 = -11*o + 479 + 148. Let i = -8 + 24. What is the remainder when o is divided by i?
9
Let i = 33 + 4. Calculate the remainder when 178 is divided by i.
30
Let u(j) = j**3 + j**2 + 7*j + 1. Let g be u(5). Suppose 0 = -4*a + a + g. Calculate the remainder when a is divided by 23.
16
Suppose -589*p + 455 = -582*p. What is the remainder when 258 is divided by p?
63
Suppose 0*p = -p + 6*p. Suppose 3*g - 103 - 80 = p. Calculate the remainder when g is divided by 9.
7
Let z(w) = -4*w**3 + w**2 + 43*w + 89. What is the remainder when 73 is divided by z(-2)?
34
Suppose 30*q - 33*q + 93 = 0. Calculate the remainder when 69 is divided by q.
7
Let j = 244 + -170. Let b = j - -19. Calculate the remainder when b is divided by 32.
29
Let c(x) = 41*x**3 - 2*x**2 + 4*x - 2. Let z be c(1). Suppose 13 + z = 3*g. Calculate the remainder when 53 is divided by g.
17
Let z = 5 - 2. Let h be (-21)/(-14) + z/2. Suppose -3*r - 11 = -b, -r - h = 2*r. What is the remainder when 29 is divided by b?
5
Suppose 3*o + 16 = 70. Let z(d) = -24*d - 73. Suppose 22*i = -39 - 93. What is the remainder when z(i) is divided by o?
17
Let m = -70 - -77. What is the remainder when 50 is divided by m?
1
Let u = 70 - 50. What is the remainder when (111/4 - 6)/(6/16) is divided by u?
18
Let i(d) = d**2 - 9*d + 12. Let p(o) = -5*o + 5. Let a be p(-6). What is the remainder when (-157)/(-7) + 20/a is divided by i(9)?
11
Suppose 3*v + 1871 = o, 20*o - 19*o + v = 1855. Calculate the remainder when o is divided by 10.
9
Let i be (-4)/(-6) + 195/(-9). Let t be (1 - -2) + (3 - 5). Calculate the remainder when 0 - t/(3/i) is divided by 4.
3
Let i = 35 + -23. Calculate the remainder when i is divided by 32/5 + (-27)/(-45).
5
What is the remainder when 69 is divided by 4 + ((-8)/20)/((-4)/10)?
4
Let r(k) = k**2 + 14*k + 35. What is the remainder when 136 is divided by r(-14)?
31
Let r = -10 + 13. Suppose 2*n + 36 = 2*v, -3*v + 15 + 69 = r*n. Let a = 44 - v. Calculate the remainder when a is divided by 8.
5
Let t(l) = -2*l**2 + 25*l - 1. What is the remainder when t(8) is divided by 19?
14
Suppose 19*b - 11*b = 80. Suppose -4*t = -0*t - 76. Calculate the remainder when t is divided by b.
9
Suppose x - 17 = -h, 12*h = 9*h - 3. Suppose 3*t + t - 20 = 0. Suppose -2*v + 136 = w, 216 = -5*v + t*w + 541. Calculate the remainder when v is divided by x.
13
Suppose 0*m - 3*b = -3*m + 162, 2*m + b - 108 = 0. Let f(l) = l + 14. What is the remainder when m is divided by f(0)?
12
Suppose 0 = -4*t - 8*b + 11*b + 729, -2*b + 354 = 2*t. What is the remainder when t is divided by 62?
56
Let m(g) = 12*g + 201. Calculate the remainder when 740 is divided by m(-12).
56
Let l(u) = -2*u + 27. Let f be l(13). What is the remainder when f - -20 - (15 - 13) is divided by 5?
4
Let n = 2455 + -2452. What is the remainder when 30 is divided by n?
0
Let i = 169 - -10. What is the remainder when i is divided by 47?
38
Let j = -319 + 378. What is the remainder when 116 is divided by j?
57
Let r(w) = w**3 - 10*w**2 - 5*w - 5. Let v be r(11). Let z = v - 34. Calculate the remainder when (-157)/(-3) - (-18)/z is divided by 28.
25
Let i = 105 - 71. Suppose 6 = 5*r - i. Calculate the remainder when r is divided by 2.
0
Let m(s) = 3*s**2. Let u be m(1). Suppose u*y + 5 + 7 = 5*o, 3*o - 16 = 4*y. Let r(k) = k**2 - 5*k - 6. Calculate the remainder when r(y) is divided by 8.
6
Suppose -3*o = -6*o + 9. Suppose 0 = -2*m + o*a + 26, 5*m = 3*a - 3 + 86. What is the remainder when 67 is divided by m?
10
Let x = 778 - 756. What is the remainder when 719 is divided by x?
15
Suppose -547*d + 544*d + 3*s = -33, -s = 3*d - 9. Suppose 5*l - 12 = 3*h, -5*h - 3 - 1 = -3*l. What is the remainder when d is divided by h?
0
Suppose 0 = 5*t + 3*m - 78, -4*m = t - 2*m - 17. Let n(d) = -23*d + 341. What is the remainder when n(14) is divided by t?
4
Let z(l) = 2*l**3 - 3*l**2 + 67*l + 6. Calculate the remainder when z(6) is di